{"id":64,"date":"2025-10-15T16:11:03","date_gmt":"2025-10-15T16:11:03","guid":{"rendered":"http:\/\/sucheao.cluster021.hosting.ovh.net\/?post_type=product&#038;p=64"},"modified":"2026-05-11T10:30:19","modified_gmt":"2026-05-11T10:30:19","slug":"beer-game","status":"publish","type":"product","link":"https:\/\/such-easy.fr\/index.php\/produit\/beer-game\/","title":{"rendered":"Bon Stock ? Mauvais Stock ? (1 joueur &#8211; 1 partie)"},"content":{"rendered":"<p>Bien g\u00e9rer son stock ? Faut-il en recommander ou attendre ?<\/p>\n<p>Devenez approvisionneur au sein d&#8217;une Supply Chain et tentez d&#8217;optimiser votre stock !<\/p>\n<p>Vous disposerez des informations importantes pour g\u00e9rer votre stock : un tableau indiquant pour chaque semaine la r\u00e9ception, le stock disponible, les reliquats, la commande client&#8230;<\/p>\n<p>Vous aurez alors 2 minutes pour prendre une d\u00e9cision sur la quantit\u00e9 \u00e0 r\u00e9approvisionner.<\/p>\n<p>Pour en savoir plus et connaitre la r\u00e8gle du jeu : <a href=\"http:\/\/sucheao.cluster021.hosting.ovh.net\/index.php\/modeliser-une-supply-chain\/\">cliquez ici !<\/a><\/p>\n<p>&nbsp;<\/p>\n","protected":false},"excerpt":{"rendered":"<p>Devenez approvisionneur de l&#8217;un des acteurs d&#8217;une Supply Chain pour 25 p\u00e9riodes (semaines). Maitrisez votre stock, \u00e9vitez les ruptures et tentez de minimiser le co\u00fbt complet de la chaine d&#8217;approvisionnement. Il y a un record \u00e0 battre !<\/p>\n","protected":false},"featured_media":115,"comment_status":"closed","ping_status":"closed","template":"","meta":[],"product_brand":[],"product_cat":[21],"product_tag":[24],"class_list":{"0":"post-64","1":"product","2":"type-product","3":"status-publish","4":"has-post-thumbnail","6":"product_cat-piloter-supply-chain","7":"product_tag-piloter","9":"first","10":"instock","11":"virtual","12":"purchasable","13":"product-type-simple"},"jetpack_sharing_enabled":true,"_links":{"self":[{"href":"https:\/\/such-easy.fr\/index.php\/wp-json\/wp\/v2\/product\/64","targetHints":{"allow":["GET"]}}],"collection":[{"href":"https:\/\/such-easy.fr\/index.php\/wp-json\/wp\/v2\/product"}],"about":[{"href":"https:\/\/such-easy.fr\/index.php\/wp-json\/wp\/v2\/types\/product"}],"replies":[{"embeddable":true,"href":"https:\/\/such-easy.fr\/index.php\/wp-json\/wp\/v2\/comments?post=64"}],"wp:featuredmedia":[{"embeddable":true,"href":"https:\/\/such-easy.fr\/index.php\/wp-json\/wp\/v2\/media\/115"}],"wp:attachment":[{"href":"https:\/\/such-easy.fr\/index.php\/wp-json\/wp\/v2\/media?parent=64"}],"wp:term":[{"taxonomy":"product_brand","embeddable":true,"href":"https:\/\/such-easy.fr\/index.php\/wp-json\/wp\/v2\/product_brand?post=64"},{"taxonomy":"product_cat","embeddable":true,"href":"https:\/\/such-easy.fr\/index.php\/wp-json\/wp\/v2\/product_cat?post=64"},{"taxonomy":"product_tag","embeddable":true,"href":"https:\/\/such-easy.fr\/index.php\/wp-json\/wp\/v2\/product_tag?post=64"}],"curies":[{"name":"wp","href":"https:\/\/api.w.org\/{rel}","templated":true}]}}