{"id":209,"date":"2026-01-08T08:51:35","date_gmt":"2026-01-08T08:51:35","guid":{"rendered":"http:\/\/sucheao.cluster021.hosting.ovh.net\/?page_id=209"},"modified":"2026-04-01T08:04:51","modified_gmt":"2026-04-01T08:04:51","slug":"modeliser-une-supply-chain","status":"publish","type":"page","link":"https:\/\/such-easy.fr\/index.php\/modeliser-une-supply-chain\/","title":{"rendered":"Piloter une Supply Chain !"},"content":{"rendered":"\n<div class=\"wp-block-group alignfull has-global-padding is-layout-constrained wp-block-group-is-layout-constrained\" style=\"margin-top:0;margin-bottom:0\">\n<div class=\"wp-block-columns alignfull is-layout-flex wp-container-core-columns-is-layout-9c22b1e3 wp-block-columns-is-layout-flex\">\n<div class=\"wp-block-column has-global-padding is-layout-constrained wp-block-column-is-layout-constrained\" style=\"padding-top:var(--wp--preset--spacing--70);padding-bottom:var(--wp--preset--spacing--70);flex-basis:55%\">\n<h6 class=\"wp-block-heading\"><\/h6>\n\n\n\n<p>Illustrations du jeu<\/p>\n\n\n\n<div class=\"wp-block-jetpack-slideshow aligncenter\" data-autoplay=\"true\" data-delay=\"3\" data-effect=\"fade\" style=\"--aspect-ratio:calc(553 \/ 192)\"><div class=\"wp-block-jetpack-slideshow_container swiper\"><ul class=\"wp-block-jetpack-slideshow_swiper-wrapper swiper-wrapper\"><li class=\"wp-block-jetpack-slideshow_slide swiper-slide\"><figure><img loading=\"lazy\" decoding=\"async\" width=\"553\" height=\"192\" alt=\"\" class=\"wp-block-jetpack-slideshow_image wp-image-81\" data-id=\"81\" data-aspect-ratio=\"553 \/ 192\" src=\"http:\/\/sucheao.cluster021.hosting.ovh.net\/wp-content\/uploads\/2025\/10\/Capture-decran-2026-01-01-a-19.02.30.png\" srcset=\"https:\/\/such-easy.fr\/wp-content\/uploads\/2025\/10\/Capture-decran-2026-01-01-a-19.02.30.png 553w, https:\/\/such-easy.fr\/wp-content\/uploads\/2025\/10\/Capture-decran-2026-01-01-a-19.02.30-300x104.png 300w\" sizes=\"(max-width: 553px) 100vw, 553px\" \/><figcaption class=\"wp-block-jetpack-slideshow_caption gallery-caption\">La chaine des acteurs<\/figcaption><\/figure><\/li><li class=\"wp-block-jetpack-slideshow_slide swiper-slide\"><figure><img loading=\"lazy\" decoding=\"async\" width=\"891\" height=\"1024\" alt=\"\" class=\"wp-block-jetpack-slideshow_image wp-image-225\" data-id=\"225\" data-aspect-ratio=\"891 \/ 1024\" src=\"http:\/\/sucheao.cluster021.hosting.ovh.net\/wp-content\/uploads\/2026\/01\/12D-69527200-3-3966AB00-891x1024.png\" srcset=\"https:\/\/such-easy.fr\/wp-content\/uploads\/2026\/01\/12D-69527200-3-3966AB00-891x1024.png 891w, https:\/\/such-easy.fr\/wp-content\/uploads\/2026\/01\/12D-69527200-3-3966AB00-261x300.png 261w, https:\/\/such-easy.fr\/wp-content\/uploads\/2026\/01\/12D-69527200-3-3966AB00-768x883.png 768w, https:\/\/such-easy.fr\/wp-content\/uploads\/2026\/01\/12D-69527200-3-3966AB00-600x690.png 600w, https:\/\/such-easy.fr\/wp-content\/uploads\/2026\/01\/12D-69527200-3-3966AB00.png 1138w\" sizes=\"(max-width: 891px) 100vw, 891px\" \/><figcaption class=\"wp-block-jetpack-slideshow_caption gallery-caption\">Le tableau de gestion des stocks<\/figcaption><\/figure><\/li><li class=\"wp-block-jetpack-slideshow_slide swiper-slide\"><figure><img loading=\"lazy\" decoding=\"async\" width=\"1024\" height=\"545\" alt=\"\" class=\"wp-block-jetpack-slideshow_image wp-image-226\" data-id=\"226\" data-aspect-ratio=\"1024 \/ 545\" src=\"http:\/\/sucheao.cluster021.hosting.ovh.net\/wp-content\/uploads\/2026\/01\/12D-69527200-5-3966AB00-1024x545.png\" srcset=\"https:\/\/such-easy.fr\/wp-content\/uploads\/2026\/01\/12D-69527200-5-3966AB00-1024x545.png 1024w, https:\/\/such-easy.fr\/wp-content\/uploads\/2026\/01\/12D-69527200-5-3966AB00-300x160.png 300w, https:\/\/such-easy.fr\/wp-content\/uploads\/2026\/01\/12D-69527200-5-3966AB00-768x409.png 768w, https:\/\/such-easy.fr\/wp-content\/uploads\/2026\/01\/12D-69527200-5-3966AB00-600x319.png 600w, https:\/\/such-easy.fr\/wp-content\/uploads\/2026\/01\/12D-69527200-5-3966AB00.png 1420w\" sizes=\"(max-width: 1024px) 100vw, 1024px\" \/><figcaption class=\"wp-block-jetpack-slideshow_caption gallery-caption\">Passage \u00e0 la p\u00e9riode suivante<\/figcaption><\/figure><\/li><li class=\"wp-block-jetpack-slideshow_slide swiper-slide\"><figure><img loading=\"lazy\" decoding=\"async\" width=\"891\" height=\"1024\" alt=\"\" class=\"wp-block-jetpack-slideshow_image wp-image-227\" data-id=\"227\" data-aspect-ratio=\"891 \/ 1024\" src=\"http:\/\/sucheao.cluster021.hosting.ovh.net\/wp-content\/uploads\/2026\/01\/12D-69527200-1-3966AB00-891x1024.png\" srcset=\"https:\/\/such-easy.fr\/wp-content\/uploads\/2026\/01\/12D-69527200-1-3966AB00-891x1024.png 891w, https:\/\/such-easy.fr\/wp-content\/uploads\/2026\/01\/12D-69527200-1-3966AB00-261x300.png 261w, https:\/\/such-easy.fr\/wp-content\/uploads\/2026\/01\/12D-69527200-1-3966AB00-768x883.png 768w, https:\/\/such-easy.fr\/wp-content\/uploads\/2026\/01\/12D-69527200-1-3966AB00-600x690.png 600w, https:\/\/such-easy.fr\/wp-content\/uploads\/2026\/01\/12D-69527200-1-3966AB00.png 1138w\" sizes=\"(max-width: 891px) 100vw, 891px\" \/><figcaption class=\"wp-block-jetpack-slideshow_caption gallery-caption\">La d\u00e9cision de r\u00e9appro<\/figcaption><\/figure><\/li><\/ul><a class=\"wp-block-jetpack-slideshow_button-prev swiper-button-prev swiper-button-white\" role=\"button\"><\/a><a class=\"wp-block-jetpack-slideshow_button-next swiper-button-next swiper-button-white\" role=\"button\"><\/a><a aria-label=\"Pause Slideshow\" class=\"wp-block-jetpack-slideshow_button-pause\" role=\"button\"><\/a><div class=\"wp-block-jetpack-slideshow_pagination swiper-pagination swiper-pagination-white\"><\/div><\/div><\/div>\n<\/div>\n\n\n\n<div class=\"wp-block-column is-vertically-aligned-center is-layout-flow wp-block-column-is-layout-flow\" style=\"padding-top:var(--wp--preset--spacing--60);padding-right:var(--wp--preset--spacing--60);padding-bottom:var(--wp--preset--spacing--60);padding-left:var(--wp--preset--spacing--60)\">\n<p>Inspir\u00e9 du c\u00e9l\u00e8bre &#8220;Beer Game&#8221;, la succession de sc\u00e9narios permet de piloter la chaine d&#8217;approvisionnement d&#8217;une Supply Chain.<\/p>\n\n\n\n<p>Devenez un approvisionneur d&#8217;un acteur de la chaine et r\u00e9pondez au mieux aux diff\u00e9rents al\u00e9as.<\/p>\n\n\n\n<p>Laissez-vous guider sur 3 parties pr\u00e9d\u00e9finies qui vous permettent de mettre en \u00e9vidence :<\/p>\n\n\n\n<p>1 &#8211; Le Bullwhip effect<\/p>\n\n\n\n<p>2 &#8211; La strat\u00e9gie Supply<\/p>\n\n\n\n<p>3 &#8211; Les outils de r\u00e9silience : stocks de s\u00e9curit\u00e9 et DDMRP<\/p>\n\n\n\n<p>Vous pouvez aller plus loin en jouant sur les param\u00e8tres et d\u00e9finir vos propres sc\u00e9narios sur la version de <a href=\"http:\/\/sucheao.cluster021.hosting.ovh.net\/index.php\/modeliser-une-supply-chain-2\/\">MODELISATION<\/a><\/p>\n<\/div>\n<\/div>\n<\/div>\n\n\n\n<div class=\"wp-block-group alignfull has-global-padding is-layout-constrained wp-block-group-is-layout-constrained\" style=\"margin-top:0;margin-bottom:0;padding-top:var(--wp--preset--spacing--50);padding-bottom:var(--wp--preset--spacing--50)\">\n<div class=\"wp-block-columns alignwide is-layout-flex wp-container-core-columns-is-layout-fa584acd wp-block-columns-is-layout-flex\">\n<div class=\"wp-block-column is-vertically-aligned-center is-layout-flow wp-block-column-is-layout-flow\">\n<h2 class=\"wp-block-heading has-xx-large-font-size\">La r\u00e8gle du jeu :<\/h2>\n\n\n\n<p class=\"has-medium-font-size\">En vous connectant, vous d\u00e9couvrirez votre r\u00f4le dans la Supply Chain.<\/p>\n\n\n\n<p class=\"has-medium-font-size\">Le jeux va se d\u00e9rouler sur 25 p\u00e9riodes (environ 30 mn).<\/p>\n\n\n\n<p class=\"has-medium-font-size\">Vous allez disposer d&#8217;un tableau pour g\u00e9rer votre stock. Vous y trouverez :<\/p>\n\n\n\n<ul class=\"wp-block-list\">\n<li class=\"has-medium-font-size\">votre stock en d\u00e9but de p\u00e9riode,<\/li>\n\n\n\n<li class=\"has-medium-font-size\">votre stock disponible apr\u00e8s la r\u00e9ception de la p\u00e9riode,<\/li>\n\n\n\n<li class=\"has-medium-font-size\">la commande du client et les reliquats (si vous n&#8217;avez pas pu tout livrer les semaines pr\u00e9c\u00e9dentes),<\/li>\n\n\n\n<li class=\"has-medium-font-size\">votre stock en fin de p\u00e9riode.<\/li>\n<\/ul>\n\n\n\n<p class=\"has-medium-font-size\">Le d\u00e9lai entre la commande et la livraison est de 2 p\u00e9riodes. Attention, si votre fournisseur ne peut pas servir la totalit\u00e9 de votre commande, il gardera en reliquat ces quantit\u00e9s et vous les livrera d\u00e8s que cela lui sera possible.<\/p>\n\n\n\n<p class=\"has-medium-font-size\">Vos objectifs :<\/p>\n\n\n\n<ul class=\"wp-block-list\">\n<li class=\"has-medium-font-size\">optimiser votre niveau de stock (le co\u00fbt de possession du stock est de 1\u20ac par unit\u00e9 stock\u00e9e par p\u00e9riode)<\/li>\n\n\n\n<li class=\"has-medium-font-size\">\u00e9viter les ruptures de stock (le co\u00fbt de la rupture est de 5\u20ac par unit\u00e9 par p\u00e9riode)<\/li>\n\n\n\n<li class=\"has-medium-font-size\">ne pas perdre trop de temps et louper le Cutoff de votre fournisseur et dans ce cas engager des frais suppl\u00e9mentaires de transport pour vous livrer dans les d\u00e9lais&#8230; Le Cutoff est fix\u00e9 \u00e0 2 mn \u00e0 partir de 2\u00e9me tour et le co\u00fbt du transport &#8220;express&#8221; est de 10\u20ac par unit\u00e9 !<\/li>\n<\/ul>\n\n\n\n<p class=\"has-medium-font-size\">A la fin de la partie, vous aurez acc\u00e8s aux graphiques des diff\u00e9rents acteurs de votre Supply Chain pour analyser les actions<\/p>\n<\/div>\n\n\n\n<div class=\"wp-block-column is-vertically-aligned-center is-layout-flow wp-block-column-is-layout-flow\">\n<p>Illustrations du jeu<\/p>\n\n\n\n<div class=\"wp-block-jetpack-slideshow aligncenter\" data-autoplay=\"true\" data-delay=\"3\" data-effect=\"slide\" style=\"--aspect-ratio:calc(780 \/ 439)\"><div class=\"wp-block-jetpack-slideshow_container swiper\"><ul class=\"wp-block-jetpack-slideshow_swiper-wrapper swiper-wrapper\"><li class=\"wp-block-jetpack-slideshow_slide swiper-slide\"><figure><img loading=\"lazy\" decoding=\"async\" width=\"780\" height=\"439\" alt=\"\" class=\"wp-block-jetpack-slideshow_image wp-image-231\" data-id=\"231\" data-aspect-ratio=\"780 \/ 439\" src=\"http:\/\/sucheao.cluster021.hosting.ovh.net\/wp-content\/uploads\/2026\/01\/Diapositive5.jpeg\" srcset=\"https:\/\/such-easy.fr\/wp-content\/uploads\/2026\/01\/Diapositive5.jpeg 780w, https:\/\/such-easy.fr\/wp-content\/uploads\/2026\/01\/Diapositive5-300x169.jpeg 300w, https:\/\/such-easy.fr\/wp-content\/uploads\/2026\/01\/Diapositive5-768x432.jpeg 768w, https:\/\/such-easy.fr\/wp-content\/uploads\/2026\/01\/Diapositive5-600x338.jpeg 600w\" sizes=\"(max-width: 780px) 100vw, 780px\" \/><figcaption class=\"wp-block-jetpack-slideshow_caption gallery-caption\">D\u00e9couvrez votre r\u00f4le dans la chaine<\/figcaption><\/figure><\/li><li class=\"wp-block-jetpack-slideshow_slide swiper-slide\"><figure><img loading=\"lazy\" decoding=\"async\" width=\"780\" height=\"439\" alt=\"\" class=\"wp-block-jetpack-slideshow_image wp-image-232\" data-id=\"232\" data-aspect-ratio=\"780 \/ 439\" src=\"http:\/\/sucheao.cluster021.hosting.ovh.net\/wp-content\/uploads\/2026\/01\/Diapositive6.jpeg\" srcset=\"https:\/\/such-easy.fr\/wp-content\/uploads\/2026\/01\/Diapositive6.jpeg 780w, https:\/\/such-easy.fr\/wp-content\/uploads\/2026\/01\/Diapositive6-300x169.jpeg 300w, https:\/\/such-easy.fr\/wp-content\/uploads\/2026\/01\/Diapositive6-768x432.jpeg 768w, https:\/\/such-easy.fr\/wp-content\/uploads\/2026\/01\/Diapositive6-600x338.jpeg 600w\" sizes=\"(max-width: 780px) 100vw, 780px\" \/><figcaption class=\"wp-block-jetpack-slideshow_caption gallery-caption\">Suivez l&#8217;\u00e9volution de votre stock<\/figcaption><\/figure><\/li><li class=\"wp-block-jetpack-slideshow_slide swiper-slide\"><figure><img loading=\"lazy\" decoding=\"async\" width=\"780\" height=\"439\" alt=\"\" class=\"wp-block-jetpack-slideshow_image wp-image-233\" data-id=\"233\" data-aspect-ratio=\"780 \/ 439\" src=\"http:\/\/sucheao.cluster021.hosting.ovh.net\/wp-content\/uploads\/2026\/01\/Diapositive7.jpeg\" srcset=\"https:\/\/such-easy.fr\/wp-content\/uploads\/2026\/01\/Diapositive7.jpeg 780w, https:\/\/such-easy.fr\/wp-content\/uploads\/2026\/01\/Diapositive7-300x169.jpeg 300w, https:\/\/such-easy.fr\/wp-content\/uploads\/2026\/01\/Diapositive7-768x432.jpeg 768w, https:\/\/such-easy.fr\/wp-content\/uploads\/2026\/01\/Diapositive7-600x338.jpeg 600w\" sizes=\"(max-width: 780px) 100vw, 780px\" \/><figcaption class=\"wp-block-jetpack-slideshow_caption gallery-caption\">Le d\u00e9lais de livraison est de 2 semaines<\/figcaption><\/figure><\/li><li class=\"wp-block-jetpack-slideshow_slide swiper-slide\"><figure><img loading=\"lazy\" decoding=\"async\" width=\"780\" height=\"439\" alt=\"\" class=\"wp-block-jetpack-slideshow_image wp-image-234\" data-id=\"234\" data-aspect-ratio=\"780 \/ 439\" src=\"http:\/\/sucheao.cluster021.hosting.ovh.net\/wp-content\/uploads\/2026\/01\/Diapositive8.jpeg\" srcset=\"https:\/\/such-easy.fr\/wp-content\/uploads\/2026\/01\/Diapositive8.jpeg 780w, https:\/\/such-easy.fr\/wp-content\/uploads\/2026\/01\/Diapositive8-300x169.jpeg 300w, https:\/\/such-easy.fr\/wp-content\/uploads\/2026\/01\/Diapositive8-768x432.jpeg 768w, https:\/\/such-easy.fr\/wp-content\/uploads\/2026\/01\/Diapositive8-600x338.jpeg 600w\" sizes=\"(max-width: 780px) 100vw, 780px\" \/><figcaption class=\"wp-block-jetpack-slideshow_caption gallery-caption\">Vos objectifs<\/figcaption><\/figure><\/li><li class=\"wp-block-jetpack-slideshow_slide swiper-slide\"><figure><img loading=\"lazy\" decoding=\"async\" width=\"1024\" height=\"536\" alt=\"\" class=\"wp-block-jetpack-slideshow_image wp-image-237\" data-id=\"237\" data-aspect-ratio=\"1024 \/ 536\" src=\"http:\/\/sucheao.cluster021.hosting.ovh.net\/wp-content\/uploads\/2026\/01\/Capture-decran-2026-01-08-a-17.13.35-1024x536.png\" srcset=\"https:\/\/such-easy.fr\/wp-content\/uploads\/2026\/01\/Capture-decran-2026-01-08-a-17.13.35-1024x536.png 1024w, https:\/\/such-easy.fr\/wp-content\/uploads\/2026\/01\/Capture-decran-2026-01-08-a-17.13.35-300x157.png 300w, https:\/\/such-easy.fr\/wp-content\/uploads\/2026\/01\/Capture-decran-2026-01-08-a-17.13.35-768x402.png 768w, https:\/\/such-easy.fr\/wp-content\/uploads\/2026\/01\/Capture-decran-2026-01-08-a-17.13.35-600x314.png 600w, https:\/\/such-easy.fr\/wp-content\/uploads\/2026\/01\/Capture-decran-2026-01-08-a-17.13.35.png 1047w\" sizes=\"(max-width: 1024px) 100vw, 1024px\" \/><figcaption class=\"wp-block-jetpack-slideshow_caption gallery-caption\">Analyse acteur par acteur<\/figcaption><\/figure><\/li><li class=\"wp-block-jetpack-slideshow_slide swiper-slide\"><figure><img loading=\"lazy\" decoding=\"async\" width=\"995\" height=\"551\" alt=\"\" class=\"wp-block-jetpack-slideshow_image wp-image-238\" data-id=\"238\" data-aspect-ratio=\"995 \/ 551\" src=\"http:\/\/sucheao.cluster021.hosting.ovh.net\/wp-content\/uploads\/2026\/01\/Capture-decran-2026-01-08-a-17.13.51.png\" srcset=\"https:\/\/such-easy.fr\/wp-content\/uploads\/2026\/01\/Capture-decran-2026-01-08-a-17.13.51.png 995w, https:\/\/such-easy.fr\/wp-content\/uploads\/2026\/01\/Capture-decran-2026-01-08-a-17.13.51-300x166.png 300w, https:\/\/such-easy.fr\/wp-content\/uploads\/2026\/01\/Capture-decran-2026-01-08-a-17.13.51-768x425.png 768w, https:\/\/such-easy.fr\/wp-content\/uploads\/2026\/01\/Capture-decran-2026-01-08-a-17.13.51-600x332.png 600w\" sizes=\"(max-width: 995px) 100vw, 995px\" \/><figcaption class=\"wp-block-jetpack-slideshow_caption gallery-caption\">Vision globale de la chaine<\/figcaption><\/figure><\/li><\/ul><a class=\"wp-block-jetpack-slideshow_button-prev swiper-button-prev swiper-button-white\" role=\"button\"><\/a><a class=\"wp-block-jetpack-slideshow_button-next swiper-button-next swiper-button-white\" role=\"button\"><\/a><a aria-label=\"Pause Slideshow\" class=\"wp-block-jetpack-slideshow_button-pause\" role=\"button\"><\/a><div class=\"wp-block-jetpack-slideshow_pagination swiper-pagination swiper-pagination-white\"><\/div><\/div><\/div>\n\n\n\n<p>A la fin de la partie, les joueurs et l&#8217;animateur ont acc\u00e8s aux graphiques qui permettent l&#8217;analyse des actions<\/p>\n<\/div>\n<\/div>\n<\/div>\n\n\n\n<div class=\"wp-block-buttons alignwide is-content-justification-center is-layout-flex wp-container-core-buttons-is-layout-a89b3969 wp-block-buttons-is-layout-flex\">\n<div class=\"wp-block-button\"><a class=\"wp-block-button__link wp-element-button\">Commander !<\/a><\/div>\n<\/div>\n\n\n\n<p><\/p>\n","protected":false},"excerpt":{"rendered":"<p>Illustrations du jeu Inspir\u00e9 du c\u00e9l\u00e8bre &#8220;Beer Game&#8221;, la succession de sc\u00e9narios permet de piloter la chaine d&#8217;approvisionnement d&#8217;une Supply Chain. Devenez un approvisionneur d&#8217;un acteur de la chaine et r\u00e9pondez au mieux aux diff\u00e9rents al\u00e9as. Laissez-vous guider sur 3 parties pr\u00e9d\u00e9finies qui vous permettent de mettre en \u00e9vidence : 1 &#8211; Le Bullwhip effect [&hellip;]<\/p>\n","protected":false},"author":1,"featured_media":0,"parent":0,"menu_order":0,"comment_status":"closed","ping_status":"closed","template":"","meta":{"footnotes":""},"class_list":["post-209","page","type-page","status-publish","hentry"],"jetpack_sharing_enabled":true,"_links":{"self":[{"href":"https:\/\/such-easy.fr\/index.php\/wp-json\/wp\/v2\/pages\/209","targetHints":{"allow":["GET"]}}],"collection":[{"href":"https:\/\/such-easy.fr\/index.php\/wp-json\/wp\/v2\/pages"}],"about":[{"href":"https:\/\/such-easy.fr\/index.php\/wp-json\/wp\/v2\/types\/page"}],"author":[{"embeddable":true,"href":"https:\/\/such-easy.fr\/index.php\/wp-json\/wp\/v2\/users\/1"}],"replies":[{"embeddable":true,"href":"https:\/\/such-easy.fr\/index.php\/wp-json\/wp\/v2\/comments?post=209"}],"version-history":[{"count":15,"href":"https:\/\/such-easy.fr\/index.php\/wp-json\/wp\/v2\/pages\/209\/revisions"}],"predecessor-version":[{"id":310,"href":"https:\/\/such-easy.fr\/index.php\/wp-json\/wp\/v2\/pages\/209\/revisions\/310"}],"wp:attachment":[{"href":"https:\/\/such-easy.fr\/index.php\/wp-json\/wp\/v2\/media?parent=209"}],"curies":[{"name":"wp","href":"https:\/\/api.w.org\/{rel}","templated":true}]}}